e
Does 170 divide 123514122?
False
Does 138 divide 3486531222?
True
Does 372 divide 7825138?
False
Does 1401 divide 184611171?
True
Is 59976212 a multiple of 4?
True
Is 18 a factor of 8086025?
False
Is 1531 a factor of 8626801?
False
Does 60 divide 25798978?
False
Is 15 a factor of 9438492?
False
Is 1046406864 a multiple of 8?
True
Does 12 divide 7028834?
False
Does 12 divide 12810893?
False
Is 1454127686 a multiple of 58?
True
Is 130133835 a multiple of 195?
True
Is 512 a factor of 124064235?
False
Is 74 a factor of 3489959584?
True
Does 9 divide 27275877?
True
Does 5056 divide 5216989217?
False
Does 227 divide 1482449992?
False
Is 888186973 a multiple of 591?
False
Is 78 a factor of 10959087?
False
Does 52 divide 156960492?
True
Is 553 a factor of 146656650?
False
Is 3489770808 a multiple of 1866?
True
Is 5342 a factor of 308368534?
False
Is 536450712 a multiple of 19?
True
Is 19571896 a multiple of 68?
True
Does 95 divide 1528753775?
True
Does 1839 divide 361105101?
False
Is 770 a factor of 397569239?
False
Is 39853568 a multiple of 8?
True
Is 17660651 a multiple of 282?
False
Does 6 divide 267804978?
True
Is 3 a factor of 237408?
True
Is 95 a factor of 6376124?
False
Is 199 a factor of 54924213?
False
Is 16 a factor of 437019024?
True
Is 41914002 a multiple of 886?
True
Does 5 divide 20476002?
False
Does 1058 divide 208485248?
True
Is 86 a factor of 119813824?
True
Is 876 a factor of 93374860?
False
Is 5210415 a multiple of 105?
True
Does 6 divide 125886774?
True
Is 511 a factor of 1157785567?
False
Does 19 divide 6181567?
False
Is 350119152 a multiple of 54?
True
Is 9486519 a multiple of 5?
False
Does 3 divide 10042980?
True
Is 60 a factor of 1423927140?
True
Is 810594846 a multiple of 751?
False
Is 307 a factor of 58648669?
False
Does 1105 divide 39553475?
True
Does 33 divide 1206009699?
False
Is 1895 a factor of 426399635?
True
Does 52 divide 266253035?
False
Does 104 divide 1320176?
True
Is 368085616 a multiple of 393?
False
Does 30 divide 2542274?
False
Is 162 a factor of 488786238?
True
Does 31 divide 33418938?
False
Is 142400957 a multiple of 2511?
False
Is 20 a factor of 2902480?
True
Is 760829968 a multiple of 136?
True
Is 2512440 a multiple of 60?
True
Is 444 a factor of 1713241058?
False
Is 919 a factor of 97068992?
False
Does 8 divide 931744?
True
Is 7702363 a multiple of 724?
False
Does 10 divide 312785410?
True
Is 688216924 a multiple of 90?
False
Is 47 a factor of 488867291?
False
Is 29 a factor of 4589685?
True
Does 50 divide 17619150?
True
Is 1082 a factor of 39985310?
True
Is 4760 a factor of 33056752?
False
Does 16 divide 2600678210?
False
Is 26 a factor of 674234158?
True
Is 598 a factor of 39061958?
True
Is 50786252 a multiple of 13?
False
Is 1027340219 a multiple of 371?
False
Does 86 divide 122653114?
True
Does 16 divide 281851824?
True
Does 157 divide 27094746?
True
Does 534 divide 725138892?
True
Is 11 a factor of 895461171?
True
Does 12 divide 20431752?
True
Is 83347670 a multiple of 287?
True
Is 780 a factor of 6864551117?
False
Is 47 a factor of 323787506?
False
Is 502 a factor of 573819132?
True
Is 64 a factor of 21547456?
True
Is 69519224 a multiple of 3?
False
Is 1152976275 a multiple of 165?
True
Is 652 a factor of 180557267?
False
Does 8 divide 91664900?
False
Is 3623339915 a multiple of 13?
True
Is 24551675 a multiple of 18?
False
Is 88 a factor of 190960?
True
Is 22 a factor of 4231700?
True
Does 9 divide 25279452?
True
Is 79 a factor of 65273197?
True
Is 436823178 a multiple of 22?
True
Is 518160984 a multiple of 66?
True
Is 481610414 a multiple of 6547?
True
Is 4 a factor of 70590169?
False
Is 730 a factor of 175086850?
True
Is 1090866969 a multiple of 19?
True
Does 327 divide 1710093261?
True
Is 100 a factor of 3069465?
False
Is 23306955 a multiple of 16?
False
Is 77052495 a multiple of 5?
True
Does 253 divide 128006362?
True
Is 63 a factor of 34264994?
False
Is 704 a factor of 114996992?
True
Is 2550 a factor of 270673555?
False
Is 15626688 a multiple of 784?
True
Is 567306824 a multiple of 8?
True
Is 32217244 a multiple of 142?
True
Does 6 divide 489408960?
True
Does 9 divide 15989076?
True
Does 56 divide 868128128?
True
Is 30 a factor of 44375259?
False
Does 442 divide 161466920?
False
Is 52097292 a multiple of 468?
True
Is 35243454 a multiple of 16?
False
Does 45 divide 11989315?
False
Is 302 a factor of 46097280?
True
Is 1515 a factor of 918606615?
True
Is 153315378 a multiple of 9?
True
Is 19459335 a multiple of 21?
True
Does 4103 divide 597171135?
True
Does 1681 divide 771035?
False
Is 160 a factor of 13877760?
True
Does 1104 divide 279665147?
False
Is 313 a factor of 266702605?
True
Is 67652591 a multiple of 23?
True
Is 1637725 a multiple of 2?
False
Is 31408879 a multiple of 147?
False
Is 19 a factor of 53897577?
False
Is 5 a factor of 202513914?
False
Is 3 a factor of 267302244?
True
Is 304707573 a multiple of 1603?
False
Is 151 a factor of 29882447?
True
Is 16266846 a multiple of 17?
False
Is 15056281 a multiple of 29?
False
Is 40 a factor of 97686384?
False
Is 14 a factor of 399871252?
False
Is 73 a factor of 1351789?
False
Does 52 divide 21150064?
True
Does 90 divide 1025542347?
False
Is 207801287 a multiple of 53?
True
Is 34 a factor of 1242428?
True
Does 222 divide 2885047176?
True
Is 73 a factor of 219814157?
False
Does 2723 divide 206457899?
False
Does 153 divide 35095877?
False
Does 3401 divide 5544163957?
True
Is 977706044 a multiple of 11962?
False
Is 45 a factor of 3457035?
True
Is 75228800 a multiple of 640?
True
Is 48629105 a multiple of 230?
False
Does 67 divide 35627920?
True
Does 501 divide 21967563?
False
Is 18156801 a multiple of 468?
False
Does 1985 divide 521008905?
True
Is 1323604555 a multiple of 2815?
True
Is 20420512 a multiple of 8?
True
Is 206 a factor of 13821496?
False
Is 26 a factor of 204278661?
False
Is 2082390132 a multiple of 4462?
False
Does 22 divide 99587382?
False
Is 1750919431 a multiple of 11900?
False
Is 89882508 a multiple of 1388?
False
Is 1377 a factor of 37842714?
True
Is 5 a factor of 615566019?
False
Does 144 divide 1174206540?
False
Is 16924782 a multiple of 19?
True
Does 163 divide 735097762?
False
Is 46953764 a multiple of 135?
False
Is 734323212 a multiple of 579?
False
Is 118676003 a multiple of 444?
False
Is 2750 a factor of 849981000?
True
Does 825 divide 1106679750?
True
Does 83 divide 460111988?
False
Does 185 divide 122691077?
False
Is 933 a factor of 713734737?
True
Does 131 divide 312527640?
False
Does 3968 divide 738245172?
False
Does 8 divide 7632288?
True
Is 2509 a factor of 7032600532?
False
Is 169669217 a multiple of 366?
False
Is 25074495 a multiple of 47?
False
Does 451 divide 19954276?
False
Is 1443332 a multiple of 4?
True
Is 40841768 a multiple of 159?
False
Is 33971633 a multiple of 44?
False
Is 186958905 a multiple of 103?
True
Is 11004768 a multiple of 108?
True
Is 562279595 a multiple of 33?
False
Is 8914953 a multiple of 43?
False
Does 10 divide 36452140?
True
Is 93791898 a multiple of 627?
False
Is 8251 a factor of 553012662?
False
Is 19510603 a multiple of 1700?
False
Is 171 a factor of 226150400?
False
Is 226 a factor of 311099848?
True
Does 308 divide 66624096?
True
Is 140627198 a multiple of 206?
False
Does 111 divide 151951267?
False
Is 12 a factor of 516590955?
False
Does 50 divide 30615550?
True
Is 139787092 a multiple of 1724?
True
Is 214256444 a multiple of 14?
False
Is 20968865 a multiple of 3?
False
Does 159 divide 6111396186?
True
Is 33 a factor of 80054650?
False
Does 353 divide 18408244?
True
Is 1883 a factor of 234370177?
False
Is 292 a factor of 57121075?
False
Does 126 divide 21973678?
False
Does 41 divide 818585295?
True
Does 75 divide 208050939?
False
Is 914 a factor of 399542856?
False
Is 69432 a multiple of 8?
True
Does 14 divide 101244761?
False
Is 25 a factor of 1193526088?
False
Is 14878140 a multiple of 380?
True
Is 14 a factor of 890857366?
True
Is 159119348 a multiple of 70?
False
Does 18 divide 26216403?
False
Does 453 divide 203852249?
False
Is 1294317061 a multiple of 119?
False
Is 6 a factor of 1493567078?
False
Does 116 divide 19829736?
True
Is 204 a factor of 34879981?
False
Is 131466153 a multiple of 1543?
False
Is 22544322 a multiple of 3522?
True
Is 2398672224 a multiple of 52?
T